89
In base 13, what is 7 + -68?
-61
In base 5, what is -2104 + 2?
-2102
In base 4, what is 331 - -2012?
3003
In base 14, what is 159 + 12?
16b
In base 9, what is -5 + -1866?
-1872
In base 3, what is 112222 + 11?
120010
In base 10, what is 27 + 2?
29
In base 5, what is -10 + -1113?
-1123
In base 4, what is 10203 - 3?
10200
In base 10, what is -5 + -4189?
-4194
In base 12, what is 2 - 9a?
-98
In base 16, what is 0 + 658?
658
In base 3, what is 10 - 1011?
-1001
In base 16, what is -e3 + 6?
-dd
In base 9, what is -207 - 5?
-213
In base 6, what is -2 + 43134?
43132
In base 11, what is 82 + 5?
87
In base 11, what is 3 - 197?
-194
In base 9, what is 3 + 17?
21
In base 11, what is -17675 - -2?
-17673
In base 15, what is -3 - 10?
-13
In base 13, what is -6 - -107?
101
In base 2, what is 1000 - 100110?
-11110
In base 5, what is 2341 - -2?
2343
In base 5, what is -111033 - 0?
-111033
In base 15, what is -47 - -2e?
-18
In base 4, what is 2 - -312?
320
In base 13, what is 5 + 24?
29
In base 7, what is -1004 - 6?
-1013
In base 5, what is -33 - -3?
-30
In base 14, what is -42 + d?
-33
In base 15, what is de + -6?
d8
In base 4, what is 2 - 11001?
-10333
In base 14, what is 4 + d6?
da
In base 15, what is -4 - -67?
63
In base 9, what is -613 - -4?
-608
In base 10, what is -489 - -1?
-488
In base 13, what is 54 - 128?
-a4
In base 3, what is 120201 - 11?
120120
In base 4, what is 2 - 1123311?
-1123303
In base 11, what is -2a - 71?
-a0
In base 2, what is -11110011 + 101?
-11101110
In base 9, what is -457 + 3?
-454
In base 12, what is 4 + 870?
874
In base 9, what is 622 + 0?
622
In base 10, what is -64 + -111?
-175
In base 7, what is 126 + 25?
154
In base 16, what is 5 + -1e16?
-1e11
In base 10, what is -5 - 81?
-86
In base 8, what is -54 - 4?
-60
In base 11, what is -3 + -8?
-10
In base 9, what is -107 + -10?
-117
In base 4, what is -31 - -3113?
3022
In base 8, what is 2 - -37?
41
In base 10, what is 17 + 141?
158
In base 8, what is 1 + -125?
-124
In base 15, what is 28 + 11?
39
In base 14, what is 2b + -11?
1a
In base 3, what is 0 - 111002?
-111002
In base 11, what is 0 + -2?
-2
In base 7, what is 1 - 12154?
-12153
In base 6, what is 2 + -15512?
-15510
In base 10, what is 43 + 69?
112
In base 2, what is 1011 - -11010?
100101
In base 6, what is 11 - -25?
40
In base 2, what is 101101111 - 1?
101101110
In base 6, what is 52 + -11?
41
In base 2, what is 10 - 1000011100?
-1000011010
In base 12, what is -27 + 494?
469
In base 5, what is 14 - 12?
2
In base 13, what is 7 - 108?
-101
In base 14, what is -3 - -41?
3c
In base 13, what is 1 + 86b?
86c
In base 7, what is -1134 + 11?
-1123
In base 6, what is -451 - 1?
-452
In base 7, what is 6 + -13?
-4
In base 7, what is -206 - -2?
-204
In base 2, what is -101111101 + -1001?
-110000110
In base 6, what is 4 + 12?
20
In base 6, what is 115 - -3?
122
In base 5, what is 204 - -1?
210
In base 12, what is 17 - 44?
-29
In base 9, what is 7 + 33?
41
In base 16, what is -10 - a?
-1a
In base 11, what is 137 + -12?
125
In base 14, what is 31b1 + -1?
31b0
In base 2, what is 100000 - -1?
100001
In base 13, what is -1c - -4?
-18
In base 14, what is -1083 + -2?
-1085
In base 16, what is -76 + -1?
-77
In base 9, what is -1 - -1032?
1031
In base 11, what is -4 + 19?
15
In base 2, what is -101 + -10001001001101?
-10001001010010
In base 11, what is -767a - 5?
-7684
In base 5, what is 1104 + -1043?
11
In base 7, what is -15 + 35?
20
In base 7, what is -4 + 6462?
6455
In base 12, what is -4 - 251?
-255
In base 13, what is -5 - 3a?
-42
In base 5, what is 0 - -2432?
2432
In base 11, what is -29 - 48?
-76
In base 12, what is -488 - 5?
-491
In base 13, what is -13 + 7?
-9
In base 7, what is -2222 - 1?
-2223
In base 10, what is -11 - -33?
22
In base 7, what is 1 + 24203?
24204
In base 3, what is 120220122 - -1?
120220200
In base 9, what is -2 - 245?
-247
In base 13, what is -3 + -14?
-17
In base 13, what is -357 + 1?
-356
In base 15, what is 1e4 - 4?
1e0
In base 4, what is -3 + 3311?
3302
In base 11, what is 51 - 99?
-48
In base 9, what is -11 + 42?
31
In base 15, what is -11c - -7?
-115
In base 6, what is -12215 - 4?
-12223
In base 5, what is -4 - -400?
341
In base 7, what is 13 + 0?
13
In base 13, what is -19 + -949?
-965
In base 11, what is -2 + -69?
-70
In base 2, what is -111 - 11011001?
-11100000
In base 2, what is 0 + 100110?
100110
In base 16, what is -1c82 - 5?
-1c87
In base 5, what is -111334 - -21?
-111313
In base 14, what is 652 - -6?
658
In base 3, what is 112 + -101?
11
In base 2, what is -11 - 1011101001?
-1011101100
In base 3, what is 20 + -2000?
-1210
In base 11, what is 10050 - 2?
10049
In base 3, what is 10021 + -1?
10020
In base 16, what is -12 - -d7?
c5
In base 10, what is 1 + -21?
-20
In base 13, what is 976 - 5?
971
In base 5, what is -4 - -121?
112
In base 3, what is 0 - -2202212?
2202212
In base 3, what is -11110222 - -2?
-11110220
In base 9, what is -2 - 50?
-52
In base 9, what is -2652 + 0?
-2652
In base 11, what is -3 + 520?
518
In base 12, what is -92 - -5?
-89
In base 12, what is 7987 - -2?
7989
In base 12, what is -4 + 11?
9
In base 5, what is -1 + -1241?
-1242
In base 12, what is 4 + 923?
927
In base 6, what is -525 - -4?
-521
In base 5, what is -10232 + 10?
-10222
In base 11, what is 1a + -1319?
-12aa
In base 6, what is -3 + 20521?
20514
In base 6, what is -4 + -14140?
-14144
In base 2, what is -1110 + 101?
-1001
In base 14, what is 0 - -294?
294
In base 15, what is -10 - -10?
0
In base 5, what is -23 - 321?
-344
In base 8, what is -1 + 4555?
4554
In base 11, what is 33a - 3?
337
In base 12, what is 1 - -220?
221
In base 9, what is 23 + -22?
1
In base 14, what is -4 + 5a?
56
In base 10, what is 8 - -341?
349
In base 12, what is 8 - 32?
-26
In base 11, what is -3 + -435?
-438
In base 12, what is -32 - -29?
-5
In base 5, what is 20 - -143?
213
In base 15, what is -5 - 9?
-e
In base 13, what is -2 - 0?
-2
In base 2, what is 0 - 1010100001001?
-1010100001001
In base 2, what is -10 - 11110?
-100000
In base 6, what is 453 + 34?
531
In base 14, what is 1a + -6?
14
In base 7, what is 1231 - 5?
1223
In base 10, what is -3 + -132?
-135
In base 6, what is -35 + -1?
-40
In base 11, what is -a6 - -29?
-78
In base 5, what is 200004 + -2?
200002
In base 10, what is 24 + 40?
64
In base 2, what is 10001110 + 0?
10001110
In base 7, what is -1 + -5605?
-5606
In base 8, what is 7 + 2?
11
In base 11, what is 1752 - -2?
1754
In base 11, what is 3 - 20a1?
-2099
In base 12, what is 6 + 4?
a
In base 12, what is 327 + -1?
326
In base 5, what is -10 + 223?
213
In base 3, what is -20200010 - -2?
-20200001
In base 14, what is 7946 + 2?
7948
In base 12, what is 6397 - 2?
6395
In base 12, what is 0 - -39?
39
In base 2, what is -10000 - 1110001?
-10000001
In base 4, what is 2020 + 1?
2021
In base 12, what is -4 + -1b?
-23
In base 2, what is -10010111 + 1?
-10010110
In base 9, what is 5 + 888?
1004
In base 10, what is -1459 + -1?
-1460
In base 9, what is 225 - 5?
220
In base 13, what is -4 + 362?
35b
In base 5, what is -43004 + 30?
-42424
In base 11, what is 93 - 5?
89
In base 9, what is 84 + -21?
63
In base 13, what is 4 - -12c?
133
In base 8, what is 1013 + -1?
1012
In base 13, what is -80 + -3?
-83
In base 12, what is -3aab + -5?
-3ab4
In base 4, what is -3 + -23303?
-23312
In base 16, what is -3 + 3b7?
3b4
In base 3, what is -12 - -1112111?
1112022
In base 15, what is -10 - 0?
-10
In base 5, what is -1 + 1404?
1403
In base 7, what is -3 - 0?
-3
In base 14, what is -2 - 34?
-36
In base 4, what is 132323 + 20?
133003
In base 11, what is -16 + 16?
0
In base 12, what is 141b - -1?
1420
In base 15, what is -8 - -1b?
13
In base 9, what is 2173 - -4?
2177
In base 2, what is -111011 - -101?
-110110
In base 5, what is 2 + -1300?
-1243
In base 2, what is 0 - -11011?
11011
In base 16, what is -1 + 12?
11
In base 2, what is -11 + -1100000100010?
-1100000100101
In base 3, what is -2002 - 11?
-2020
In base 5, what is 424 + -4?
420
In base 5, what is -3 + 33411?
33403
In base 4, what is -213 + -11?
-230
In base 11, what is 733 + 4?
737
In base 14, what is -1 - -2100?
20dd
In base 5, what is 3104 - 3?
3101
In base 4, what is 0 + -1000102?
-1000102
In base 5, what is 1 - 120?
-114
In base 11, what is -2 - 120?
-122
In base 12, what is 44 - 203?
-17b
In base 6